 943 = 4*o - o, 4*o - 1238 = -c*k. What is the units digit of o?
1
Suppose 296 = -a - k + 5*k, 4*a + 2*k + 1274 = 0. Let y = a - -436. What is the tens digit of y?
2
Let t(x) = 2*x**3 - 5*x**2 + 33. Let s be t(6). Let a = s - 268. What is the units digit of a?
7
Let h(t) = -t**3 - 5*t**2 - t - 1. Let w be h(-5). Suppose 3*n - 3 = 0, -4*n + w = 5*a - 5. What is the tens digit of (-10)/8 + a - (-1098)/8?
3
Let l = -111 - -717. Let v = -92 + l. What is the hundreds digit of v?
5
Let j be (137070/20)/(2/4). What is the tens digit of 67/(-469) - j/(-7)?
5
Let b = -79 - -2047. Suppose 0 = -p + 3*s + b, -p + s - 5924 = -4*p. What is the units digit of p?
4
What is the tens digit of (3 - 28/10) + (-17 - 164213/(-35))?
7
Let b be 42/7*(-1)/(-2) + 192. Let u = -61 + b. What is the hundreds digit of u?
1
Let i be (1272/14)/((-6)/(-126)). Let y be (-42)/(-147) + i/(-14). Let g = 27 - y. What is the hundreds digit of g?
1
Suppose 5*k + 30*o - 29*o = 6021, 5*k - 6017 = -2*o. What is the units digit of k?
5
Let d be (596/(-6))/((-64)/(-30) + -2). What is the units digit of d/(-9) + (-12)/(-54)?
3
Let k(l) = 6*l**2 - 16*l - 423. What is the tens digit of k(-34)?
5
Let s be (-2 + 7 - 4)*0. Suppose -3*v + 3*w - 6 = s, 4*v = -5*w + 22 + 6. Suppose -x + v*p + 6 + 97 = 0, -3*x + 5*p + 314 = 0. What is the tens digit of x?
1
Let c = -38 - -39. Suppose 2*f + m - 5 + c = 0, 0 = 5*f - 3*m - 10. Suppose -f*z = -w - 19, -3*z = 2*w + 5 - 37. What is the tens digit of z?
1
Suppose d - 4*g = -g + 369, -5*d + 1925 = g. Suppose 25*h = 8*h + 119. Suppose -h*z - d = -13*z. What is the units digit of z?
4
Suppose 4*m - 4*u = 1500, -3*m = 62*u - 61*u - 1133. What is the units digit of m?
7
Suppose -x + 10 - 25 = -4*l, -4*l + 14 = -2*x. Suppose 0 = -d + 4, l*b - 4 = -3*d + 12. What is the units digit of b?
1
Let f(p) = 36*p**2 - 4*p + 11. Let m be f(-5). Suppose m - 293 = 2*o - 3*d, -20 = -5*d. What is the hundreds digit of o?
3
Suppose 2*r - 15*o - 82594 = -11*o, 2*r - 82599 = 5*o. What is the hundreds digit of (-2)/15*3 + r/205?
2
Let r = 28829 - 5099. What is the tens digit of r?
3
Let j be (3 + (-7)/3)/((-6)/(-378)). Suppose 48*n - 42*n + j = 0. Let v(u) = -33*u - 16. What is the units digit of v(n)?
5
Let d be (-4)/6*(2 + (-70)/(-4)). Let s(n) = n**3 + 13*n**2 + 2*n + 1. Let c be s(d). Let h = c + 168. What is the tens digit of h?
4
Let t = -6321 + 9892. What is the units digit of t?
1
Let y(l) = -2097*l + 1848. What is the units digit of y(-16)?
0
Let j be 9/(-7) - -1 - (-75)/(-7). Let h(d) = -40*d + 157. What is the hundreds digit of h(j)?
5
Let p be (5/(-2))/(30/(-18))*2. Suppose p*m + g - 149 = 0, -4*g - 73 + 19 = -m. What is the tens digit of m?
5
What is the thousands digit of (-412712)/(-52) - 6/(-26)?
7
Let s(y) = -2*y - 9*y - 50*y**2 + 42*y**2 - y**3. Let v be s(-8). Let c = 32 + v. What is the tens digit of c?
2
What is the hundreds digit of ((-14624)/(-6))/((-24)/(-1836)*17)?
9
Let s(d) = 35*d**3 + 3*d**2 - 5*d. Let o be s(2). Suppose -6*p + 3*p = -o. What is the tens digit of p*(-4 - -9 - 4)?
9
Suppose -168*b = -7028482 - 4722685 + 2725535. What is the units digit of b?
4
Let q = -4301 + 6132. Suppose -q = -8*j + 985. What is the units digit of j?
2
Suppose 2*x + 0*x = 2*j - 12438, x - 2*j = -6218. What is the units digit of (8/10)/(-6 + (-37328)/x)?
2
Let t(w) = -172*w + 510. What is the hundreds digit of t(-65)?
6
Let f be (-700)/315*(-18)/4. Suppose -27*g = -28*g + 4*t + f, 4*t = -3*g + 110. What is the tens digit of g?
3
Suppose -2*r - 4*v + 38 = 0, -3*r + 4 = -v - 39. Suppose 3*q = r, 7*q + 291 = 2*k + 2*q. What is the units digit of k?
8
Let b = -142 - -292. Suppose 0 = 4*i - 2*y - 362, -3*y + b = i + 42. What is the units digit of i?
3
Let v(s) = -2*s - 23. Let i be v(-13). Suppose i*h - 2*b = 1131, h - 2*b - 390 = 3*b. What is the units digit of h?
5
Let k = -35 - -13. Let f = 167 - 106. Let l = f - k. What is the units digit of l?
3
Suppose -59*j + 64*j - 19245 = -3*f, -f - 3*j = -6419. What is the units digit of f?
0
Let k be (39/(-15) + (-3)/(-5))*-2. Suppose o = 5*i - 23, 5*o + 2 = -k*i + 3. Suppose -i*w + 5*h + 87 = 0, 2*h + 76 = 4*w - 26. What is the tens digit of w?
2
Let i(t) = -33*t**2 + 78*t**2 - 18*t - t + 8 + 7*t. Let h be i(4). Suppose 2*a = -234 + h. What is the tens digit of a?
2
What is the units digit of (-12 - (-87)/6) + (-45186)/(-4)?
9
Let m = -43 - -43. Suppose 7*n + 0*n - 2002 = m. What is the tens digit of n?
8
Let v = -240 - -339. Suppose 4*y = 12, -h + 91 = 3*y - v. What is the units digit of h?
1
Let c(a) = 0*a**2 - 15*a - 20 + 30*a + 2*a**2. Let o be c(8). Suppose -92*z + o = -88*z. What is the units digit of z?
7
Let z(g) = 2*g - 12. Let p be z(8). Suppose 4*q - 4*j + 2 - 6 = 0, 3*j - 18 = -p*q. Suppose -q*u - 3 = 0, -3*w = -0*w + 5*u - 40. What is the tens digit of w?
1
Suppose -2*q - 3*h = -23, 0 = -4*q - 13*h + 9*h + 36. Let z = 66 + q. What is the tens digit of z?
7
Let y = -499 - -504. Suppose -y*x + 2707 = h - 0*h, 0 = 2*h - 4. What is the units digit of x?
1
Let w(j) = 4*j**2 + 3*j - 5. Let v(o) = 5*o**2 + 4*o - 4. Let z(x) = -2*v(x) + 3*w(x). Suppose 27 = -4*r + 7. What is the units digit of z(r)?
8
Suppose -36*j + 41*j = -l + 10311, 0 = -3*l + 3*j + 31023. What is the thousands digit of l?
0
Let u(d) = -56*d + 1767. What is the thousands digit of u(-37)?
3
Suppose 5*w - 9 - 6 = 0, -21 = -2*d + 3*w. Suppose 22752 = 21*a + d*a. What is the units digit of a?
2
Let i = -208 + 212. Suppose i*n - 5*c = n + 2195, 0 = n - 3*c - 737. What is the units digit of n?
5
Suppose -56052 = -5*k + 2*y, -3*k - 4*y + 46672 = 13020. What is the tens digit of k?
1
Let k = -25 - -376. Suppose 877 = 5*h - 2*s, 2*h + 0*h - s - k = 0. Suppose h - 535 = -4*w. What is the tens digit of w?
9
Suppose -2*j + 2*d + 1254 = 0, 7*j + 2*d = 10*j - 1875. What is the hundreds digit of j?
6
Let c = 5 - 1. Suppose 4528 = -14*j + 18*j - c*v, j - 1132 = 3*v. What is the units digit of j?
2
Let y be (-25)/(-10) - 13/26. Suppose y*f = 7*f + 10, -5*n = -2*f - 2984. What is the hundreds digit of n?
5
Suppose 5*z + 26 = -3*h, 3*z + 3 + 3 = -5*h. Let a = 17 + z. What is the tens digit of 170/a*(5 + 1)?
0
Suppose 5076*y - 5154*y + 1638624 = 0. What is the ten thousands digit of y?
2
Let o(m) = -7*m - 5*m + 4*m**2 - 11 + 54 - 14. Let b be o(8). Suppose -5*z - b = -6*z - 4*s, z = -s + 174. What is the tens digit of z?
6
Let v(c) = c**3 + 10*c**2 - 4*c - 1. Let k = 82 + -92. Let o be v(k). Suppose 33*r = o*r - 162. What is the units digit of r?
7
Suppose 0 = 189*o - 54*o + 37*o - 3013096. What is the hundreds digit of o?
5
Let m(c) = -c**3 - 10*c**2 - 27. Suppose -11*l - 82 = 6. Let q be m(l). Let k = 57 - q. What is the units digit of k?
2
Suppose 10*q = 18*q + 64. What is the units digit of 4/(q/(-182)) + 4?
5
What is the hundreds digit of -21 + -192231*22/(-66)?
0
Suppose -4*x = 5*d - 1632 - 635, 2*x - 1141 = 5*d. Suppose -4*i + x = 4*f, i - 92 = -3*f + 336. What is the units digit of f?
3
Let c(l) = l**3 + 123*l**2 - 94*l - 413. What is the thousands digit of c(-123)?
1
Let g(v) = -34*v - 88. Suppose -3*y - 4*n + 5 - 44 = 0, 4*n = -4*y - 52. Let h be g(y). What is the units digit of h/14 - (-68)/(-238)?
5
Suppose 5*a = 5*m - 1 + 321, 4*m + 238 = -5*a. Let o = -106 - m. What is the hundreds digit of 11/(o/(-400))*1?
1
Suppose -97*f = -94*f - 7125. Suppose 5*c - f = -805. What is the units digit of c?
4
Suppose 14*g = -g + 510. Let n = -9 - 17. Let p = g + n. What is the units digit of p?
8
Suppose 7*w - 34 + 20 = 0. Suppose 3*g + h - 1190 = 1629, -w*h + 4 = 0. What is the units digit of g?
9
Suppose 0 = m - 22 + 20. Suppose -3*b + 1098 = -j - m*j, b - 370 = 5*j. Suppose 0 = -x - 4*x + b. What is the units digit of x?
3
Let n = 17684 - 17583. Let y = 23 + -49. Let r = n - y. What is the units digit of r?
7
Suppose -j = -9094 - 2925. Let g be (-1 - -2) + j/17. Suppose 12*r = -192 + g. What is the tens digit of r?
4
Let o(i) = -40*i + 259. Let c(g) = 12*g - 270. Let x be c(21). What is the units digit of o(x)?
9
Suppose -3*q - 5*y + 11488 = 0, 0 = -q + 21*y - 19*y + 3811. What is the units digit of q?
1
Let h(l) = -l**3 - 2*l**2 - l + 4152. Let v be h(0). Suppose 5*u - v = -7*u. What is the tens digit of u?
4
What is the thousands digit of (0 + -1)/((-349080)/69815